on factor of p and 22?
11
Suppose 4*f - 12 = 0, -2*u - u + 4*f - 6 = 0. Suppose -u*x - 165 = -5*x. What is the greatest common divisor of x and 22?
11
Let k = -3 + 3. Suppose k*j + 2*j - 120 = 0. Suppose -2*q + j = 3*q. What is the highest common divisor of q and 12?
12
Suppose -3*t = -4*t - 4. Let a(h) = -5 + 4 - 1 - 3*h. Let y be a(t). Calculate the highest common divisor of 90 and y.
10
Suppose -4*t + 5*o - o + 692 = 0, 3*t - 527 = 5*o. Let v = -197 + 105. Let y = t + v. What is the greatest common divisor of 11 and y?
11
Let r(q) be the second derivative of q**5/20 + 5*q**4/12 + q**3/2 + 3*q**2/2 + 3*q. Let l be r(-4). What is the greatest common factor of l and 35?
7
Suppose 263 + 59 = 2*j. Calculate the highest common factor of 7 and j.
7
Let x be 6/(-2)*2 + 3. Let y be x/((-3)/2) - -7. Calculate the greatest common factor of y and 72.
9
Suppose -4*t = -3*y + 46 + 90, -5*t = 20. Let x = -21 - -37. Calculate the greatest common divisor of y and x.
8
Let k be 52/(-8)*1*-6. Let m = k - 26. Calculate the greatest common factor of m and 13.
13
Let u be (-4)/2 - (1 + -8). Suppose -2*g + 0 = -8. Suppose -s - 3*s + g = 0. What is the highest common divisor of u and s?
1
Let f(g) = 3*g**2 - 2*g**2 - 12*g - 2*g**2. Suppose 4*j = -27 - 1. Let l be f(j). Calculate the greatest common divisor of l and 7.
7
Let p be 12/((-23)/(-10) + -2). Calculate the highest common divisor of 10 and p.
10
Let y be (3 + 9/(-6))*28/2. Let p = 89 - 47. What is the highest common factor of p and y?
21
Let j(r) = -r**3 - 6*r**2 + 7*r + 4. Let s(y) = -y**2 + 6*y + 9. Let f be s(8). Let b be j(f). Calculate the greatest common divisor of b and 10.
2
Let c = -13 + 29. Calculate the greatest common divisor of 48 and c.
16
Let v = -32 + 62. What is the greatest common divisor of 24 and v?
6
Let f be 2/8 + 2110/8. Suppose -5*k + 3*g = -16, 0*g + 4 = 4*k + 2*g. Suppose k*r + 22 = d + 4*r, 1 = -r. What is the greatest common factor of f and d?
24
Suppose 2*q = q - 4*f + 13, 2*q = 3*f + 70. What is the greatest common factor of 87 and q?
29
Suppose -4*u = 5*d + 18 + 88, 0 = 3*d - 2*u + 68. Let h = -13 - d. What is the greatest common factor of h and 3?
3
Let s(j) = 2*j**2 + 11*j + 9. Let z be s(-11). What is the greatest common divisor of z and 10?
10
Let i be -1 + 5/((-4 - -2)/(-2)). What is the greatest common factor of 36 and i?
4
Suppose 4*i + 84 = 308. Let p be 1/(-1)*(-3 - -4). Let q be (-48)/18*3/p. Calculate the highest common divisor of q and i.
8
Suppose 4*b + 11 = -3*n, -3*b + b = 2*n + 4. Let k(r) = -r**3 + 3*r**2 + r + 1. Let q be k(n). What is the greatest common divisor of q and 36?
4
Let x(d) be the second derivative of -d**5/20 - d**4/2 - 5*d**3/6 + 2*d**2 - 2*d. Let v be x(-5). What is the highest common divisor of v and 12?
4
Let w = -12 + 17. Suppose 5*y = 4*x + 42, -3*y = -w*x + 3*x - 24. Suppose -y*r = -r - 45. Calculate the greatest common divisor of 54 and r.
9
Suppose 2*r = 32 - 18. What is the highest common divisor of 7 and r?
7
Let v(n) be the second derivative of -n**4/12 - 4*n**3/3 - 4*n**2 + 5*n. Let d be v(-6). What is the highest common divisor of d and 4?
4
Suppose -s + 0*y - 4*y = 27, 3*s + 2*y = -51. Let z be 40/s*18/(-8). Let h be 256/40 - (-4)/(-10). What is the greatest common factor of h and z?
6
Let t(u) = -22*u + 1. Let r be t(-1). Suppose j - r = 2*y, 3*y - 63 = -3*j - 2*j. What is the highest common divisor of j and 105?
15
Let c(r) = 8*r - 1. Let q be c(-1). Let o = 7 - q. What is the greatest common divisor of o and 96?
16
Let q(c) = -c**2 - 18*c - 6. Let z be q(-17). Calculate the highest common factor of 22 and z.
11
Let n = 9 - 2. What is the greatest common factor of n and 1?
1
Suppose -m + 14 = 3*m - 2*s, m = -3*s + 7. Calculate the greatest common divisor of m and 16.
4
Let s(c) = c**2 - c. Let g be s(-1). Suppose -2*y + n - g*n + 52 = 0, -n = -4. What is the highest common divisor of 60 and y?
12
Let t = -3 + 7. Let q be -1*(-9 - (2 - t)). Let o be 0 + -7*(-2)/2. Calculate the greatest common factor of q and o.
7
Let d = -1030 + 1490. Calculate the highest common factor of d and 20.
20
Suppose 10 = -0*h + h. Suppose -5*f = -h*f + 280. Let u = -26 + f. What is the greatest common factor of u and 12?
6
Let x(q) = -3*q - 3 - 2*q**2 + q**3 - 4 + 5 + 6. Let o(c) = c**2 + c + 3. Let v be o(0). Let b be x(v). Calculate the highest common factor of 1 and b.
1
Suppose t + 4*t = 30. Let p(i) = -i**3 + 8*i**2 - 6*i - 3. Let q be p(7). Let s = -1 + q. Calculate the highest common divisor of t and s.
3
Suppose 0*z = 3*z - 3*j - 21, -2*z = j - 20. Calculate the greatest common divisor of z and 15.
3
Suppose -3*o = 5*d - 2*o - 247, -o = 3*d - 147. What is the greatest common divisor of 10 and d?
10
Let r be 336/(-9)*(-9)/4. What is the highest common divisor of 28 and r?
28
Let p(b) = b + 4. Suppose -l = -2*u + 12, 2*u = 3*l - 5*l. Let q be p(u). What is the greatest common divisor of 40 and q?
8
Let v be -6*(-10)/3*1. Suppose -4*i + v = -0. Calculate the greatest common divisor of 5 and i.
5
Let t(v) = -v - 2. Let o be t(-4). Let d = -7 - -11. Suppose d*r = -12, 0*r + 15 = 3*s - 2*r. What is the highest common factor of o and s?
1
Let c be 14*(-36)/(-40) - 9/15. Let n = 3 + -1. Let b be (-2 - (n - 1))*-1. Calculate the highest common factor of c and b.
3
Let w be 24/18*24/2. Suppose -9*j + 4*j + 470 = 0. Suppose -5*t + 424 = -2*m + j, 0 = 3*t - 5*m - 217. Calculate the highest common divisor of t and w.
16
Let p(d) = 7*d + 9. Let v be p(-8). Let u = v - -83. Calculate the greatest common factor of 54 and u.
18
Suppose -38 = 2*q - 3*q. What is the highest common divisor of q and 133?
19
Let n be 0 + 6/3 - -1. Suppose -n*j - 54 = -3*w + w, -3*w + 83 = -5*j. What is the highest common divisor of 7 and w?
7
Let q = 0 - -2. Suppose 0 = q*i + i - 324. Suppose 5*n - 52 = i. What is the greatest common divisor of n and 80?
16
Let d = -23 - -61. Let n(f) = 284*f**2 - 2*f - 1. Let p be n(-1). Suppose -3*k + p = -0*k. What is the highest common factor of k and d?
19
Suppose 0*f + 3*f = 24. Suppose -4*i = 7 - 15. Let h be (i + (-7 - 1))*-8. Calculate the greatest common factor of f and h.
8
Let y(r) = -3*r**2 - 4*r - 2. Let d be y(-2). Let v be (-56)/d - 8/(-12). Suppose 0 = 3*j - j - v. Calculate the highest common divisor of 50 and j.
5
Let k be ((-12)/(-9))/(1/6). Suppose -4*u = -c - k - 0, 24 = -3*c + 2*u. Let s = c - -17. Calculate the greatest common factor of 9 and s.
9
Let w(y) = -y**2 - 14*y - 20. Let s be w(-8). Calculate the highest common divisor of s and 56.
28
Let n(k) be the second derivative of k**4/12 - 7*k**3/6 + 3*k**2 + 4*k. Let z be n(7). Calculate the greatest common divisor of 6 and z.
6
Suppose -9*p + 4*p = -1575. Calculate the greatest common divisor of p and 35.
35
Let h(b) = -3*b**3 - 2*b**2 + 2*b. Let q be h(-2). Suppose -30 = -5*i + 60. What is the highest common factor of i and q?
6
Let m be ((-15)/9)/((-1)/162). Suppose 8*n - m = 3*n. What is the greatest common factor of 18 and n?
18
Let h(f) = -f**2 + 9*f + 6. Let g be h(9). Calculate the highest common factor of g and 66.
6
Let u be (8 + -2 - -2) + -1. Let i(q) = -q**3 + 7*q**2 - 9*q + 19. Let d be i(6). Calculate the highest common divisor of d and u.
1
Suppose -9*c + 35 = -4*c. Calculate the highest common factor of 77 and c.
7
Suppose -u + 1 - 3 = 0, -3*r + 12 = 3*u. Suppose 0 = 3*i + 19 - 73. Calculate the greatest common factor of i and r.
6
Let x(y) = -y + 12. Let j be x(9). Calculate the greatest common factor of j and 24.
3
Suppose -3*d = 22 + 32. Let r be (-3)/12 + d/(-8). Let m(c) = -c**3 - 3*c**2 + 6*c - 6. Let o be m(-5). Calculate the greatest common factor of o and r.
2
Suppose 0 = -0*f + 3*f - 120. Suppose 0 = -0*n + n - 3. Let s be n/(-1*3/(-10)). Calculate the highest common factor of s and f.
10
Let w be (-1)/3 + (-8)/3. Let x = w + -2. Let f(c) = -2*c - 4. Let g be f(x). Calculate the greatest common divisor of g and 18.
6
Let n be 3/(-15) + 302/10. Let z(v) = v**3 - 4*v**2 - 8*v - 12. Let t be z(6). Calculate the greatest common divisor of t and n.
6
Let i be (-15 + 0)*4/(-4). Suppose 0 = 4*v + 3*n - i, n + 0 = 5. Suppose v = -2*h - 2 - 0, 4*h = 2*b - 16. Calculate the highest common divisor of b and 3.
3
Suppose 0 = -2*w + 45 + 371. What is the